hat is the greatest common factor of p and 3?
3
Suppose 660 = -7*x - 236. Let p = x + 153. What is the greatest common divisor of 325 and p?
25
Let h be (48/96)/(154461/(-77232) + 2). Calculate the greatest common divisor of 8 and h.
8
Let p(a) = 6*a + 17. Let w be p(-2). Suppose 3*u - 2*j = 80, w*j - 3 - 35 = -u. Calculate the highest common divisor of 126 and u.
14
Let z(y) = 90*y**2 + 31*y - 62. Let l be z(2). What is the highest common divisor of 135 and l?
45
Let h be (-470320)/(-29) - (8876/812 + -11). Calculate the highest common factor of h and 68.
34
Suppose 0 = 6*q + 105 + 513. Let n = 29 - q. Let c be ((-4)/6)/((-8)/n). What is the highest common factor of 121 and c?
11
Suppose 0 = 3*f - 4*r - 1636, -4*r + 2780 = -15*f + 20*f. What is the highest common factor of 299 and f?
23
Let w = -7275 + 7415. Calculate the highest common divisor of 45 and w.
5
Let o(d) = -6*d + 7. Let z be o(0). Suppose -30*k + z*k = -759. Suppose -3*q + 489 = 5*i, -i + 3*q = -78 - 27. What is the greatest common divisor of i and k?
33
Suppose 0 = -2*r + 4*n + 1076, -3*r - 681*n = -680*n - 1579. What is the greatest common divisor of 66 and r?
66
Suppose 0 = -5*i, -2*y + 6*i = 3*i. Suppose 2*s = -3*n + 27, 5*n - 4*s = -y*s + 67. What is the highest common factor of n and 99?
11
Let h be 168/18*(-450)/(-25). Calculate the greatest common factor of h and 120.
24
Let m = -4882 - -4889. Calculate the highest common factor of m and 3353.
7
Let l(f) = f**3 - 3*f**2 - 7*f + 3. Let u be l(5). Let g(n) = n**2 + 30*n - 36. Let b be g(-33). What is the highest common divisor of b and u?
9
Suppose -2*x = 2514 - 2558. Calculate the highest common factor of x and 33.
11
Let c be 4/(-6) - (-680)/12. Let r = 26 + c. Suppose 4*s = -2*q - s + r, -2*q + 3*s = -66. What is the greatest common factor of q and 24?
12
Let b = -253 - -330. Let l = b - 32. What is the greatest common factor of l and 72?
9
Suppose 0 = -3*h - h. Suppose -l = -h*l. Suppose 95 = 4*y + 5*p - 125, l = 3*p - 12. What is the highest common divisor of 10 and y?
10
Let w(o) = -93*o + 2407. Let m be w(25). What is the highest common divisor of m and 11316?
82
Let k(d) = -d**2 + 73*d + 1485. Let t be k(89). What is the greatest common factor of 11 and t?
1
Let q = 82 + 41. Let a = q - 108. What is the highest common divisor of a and 75?
15
Let o = 347 + -354. Let x(s) = s**3 + 5*s**2 - 19*s - 2. Let t be x(o). Calculate the highest common divisor of 121 and t.
11
Suppose 0 = -4*n + 16, 0 = 2*y + 5*n - n - 632. Suppose -3*r + 3*v = 121 + 83, -v + 352 = -5*r. Let f = 99 + r. What is the greatest common factor of y and f?
28
Let c = 3336 - 2961. Calculate the highest common divisor of c and 75.
75
Suppose -11*g - 162 = -844. What is the highest common divisor of 1116 and g?
62
Let h(p) = p**3 + 19*p**2 + 18*p + 25. Let g be h(-18). Suppose -3*w - g = 110. Let n = -39 - w. Calculate the greatest common divisor of n and 4.
2
Let i(r) = -24*r**2 - 4*r - 5. Let t be i(-1). Let h = 75 + t. What is the greatest common divisor of h and 80?
10
Let p(z) = -215*z - 612. Let a be p(-3). What is the greatest common factor of 72 and a?
3
Let y be (1 - (-16)/(-12))*-9*-1. Let h be (-69)/(y*4/16). Suppose h = 2*m - 90. What is the greatest common factor of m and 13?
13
Suppose -2*s - 3*s = -6*s. Suppose 51*n - 52*n + 112 = s. Calculate the greatest common factor of 28 and n.
28
Let f(q) = 3*q**2 + 6*q + 1. Let j(x) = x**2 - x. Let y(z) = 2*f(z) + 6*j(z). Let s be y(-2). What is the highest common factor of 304 and s?
38
Let l be (-50)/425 + (-274)/(-17). Let j(c) = -2. Let x(q) = -q. Let r(t) = j(t) - 6*x(t). Let b be r(3). What is the greatest common factor of b and l?
16
Suppose 1067 = 10*r - 2853. What is the greatest common factor of 441 and r?
49
Suppose -3*i - k = -0*i - 127, 4*k = 2*i - 108. Suppose -111 - 136 = -16*l + 105. What is the greatest common factor of i and l?
22
Suppose 5*m - 78 = -2*f, f + 39 - 71 = -2*m. Let z be (70/(-30))/(1/(-42)). Calculate the greatest common factor of z and m.
14
Suppose -2*p = -4, 2*x + 127 = -5*p - 105. Let d = x + 129. What is the highest common divisor of d and 6?
2
Let s(r) = 2*r**3 - 2*r**2 - r. Let i be s(2). Suppose -2*w + w = 4*w. Suppose w = 11*a - 16 - i. Calculate the highest common divisor of a and 10.
2
Let h be 10/15*(-2 - -83). Suppose h*t = 52*t + 136. Calculate the greatest common divisor of t and 16.
4
Let w = 213 - 133. Let m be (-21)/14*(-83 + 3). What is the greatest common divisor of w and m?
40
Let v(o) = -o**3 - o**2 + o + 1. Let q be v(-2). Suppose 4*j + 3*j + 42 = 0. Let h be j/4 + (150/12)/5. Calculate the greatest common factor of h and q.
1
Suppose -140 = -h - 7*g + 2*g, h - g - 170 = 0. Let z be ((-16)/(-20))/(-2) - 77/(-5). Calculate the greatest common divisor of z and h.
15
Let t = 16447 - 16439. Calculate the highest common factor of t and 800.
8
Let a = 38 - 16. Suppose 61756 - 61822 = -11*q. Calculate the highest common factor of q and a.
2
Let i be (22695/68)/(9/24). What is the highest common factor of i and 50?
10
Suppose 627*t - 2*i = 631*t - 1074, -2*t = -2*i - 558. Calculate the greatest common factor of t and 170.
34
Let w = 4560 + -4276. Calculate the greatest common factor of 6106 and w.
142
Let h(j) = 4*j**2 - 5*j - 16. Let f be h(-2). Suppose f*n - 5*n - 100 = 0. What is the greatest common factor of n and 460?
20
Let w be 171630/24 - ((-72)/(-32) - 4). Calculate the highest common divisor of w and 92.
23
Let f = -378 - -367. Let j be ((-120)/6)/(f/44). What is the highest common divisor of j and 40?
40
Let w be ((10143/252)/(-23))/(1/(-48)). Let a = 387 - 275. What is the greatest common divisor of w and a?
28
Let u be -1 - ((-225)/50)/(6/568). Let x = u - 263. What is the greatest common divisor of 90 and x?
18
Let m = 65 + -49. Let y = -2608 - -3072. Calculate the greatest common factor of y and m.
16
Let y(w) = -1. Let o(q) = -5*q + 1. Let u(i) = -o(i) + 5*y(i). Let l be 0 + (-7)/((-28)/32). Let m be u(l). Calculate the highest common divisor of m and 68.
34
Suppose 0 = -4*l + 3*g + 19, -5*l + 4*g = -14 - 11. Let h = 29 - l. Let f be (-10548)/(-1758)*14/((1 + 0)*3). What is the greatest common factor of f and h?
28
Suppose -8294 = 4*l - 2*d - 25854, -24 = -4*d. What is the highest common divisor of l and 46?
23
Let h be 1*9/15 - 67797/(-5). What is the highest common factor of 20 and h?
20
Let a = -12 - -132. Let g be 679 - (-15 + (16 - -18)). What is the highest common divisor of g and a?
60
Suppose -6*w + 2*w = 0. Suppose 3*p - 810 = -w*p. Let m be 1 + (p/3 - 1). What is the highest common factor of m and 10?
10
Suppose 0*q = -2*q + 638. Suppose -10*o + 58 - 18 = 0. Suppose -6*r + 4*r - 4*t + 74 = 0, 0 = -o*r - 3*t + 128. What is the highest common factor of r and q?
29
Suppose 5*v = -5*m + 30, -2*m + 5 = v - 2. Suppose -n - 4*s = -61, n + 2*n - 268 = v*s. Let i = n - 54. What is the greatest common divisor of 9 and i?
9
Suppose -4*a = y - 708, y = -2*a + 328 + 28. Calculate the greatest common factor of 297 and a.
11
Suppose 16*f + 3*f - 114 = -0*f. What is the greatest common divisor of f and 10?
2
Suppose 0 = -3*h - 16 - 62. Let b = h + 29. Suppose 56 = -b*c + 584. What is the greatest common divisor of 22 and c?
22
Let y = 1118 - 451. Let o = 697 - y. What is the highest common factor of o and 18?
6
Let i be 6/((-36510)/(-3315) - 11). Calculate the highest common factor of i and 104.
26
Let h be 17 + 9/(-3 + 0). Suppose -u + 5*t = -h, -4*u - 7*t = -2*t - 6. Let v = -665 - -675. Calculate the highest common factor of u and v.
2
Let g be ((-15)/12)/((-10)/200). Let j be -5 + 120/g - (-211)/5. What is the greatest common factor of j and 105?
21
Suppose 6*s - 25 - 29 = 0. Let m(q) = -21*q + 3. Let t be m(-2). What is the highest common factor of t and s?
9
Suppose 3*n = 5*s + 105 - 18, n = 3*s + 33. What is the highest common factor of n and 564?
12
Suppose -10*o - 11*o + 2482 = -9173. Calculate the highest common factor of 6845 and o.
185
Let q be 177/(-15) + 2/30*-3. Let i be (q/8)/((-7)/14). Suppose 4*c - 1047 = -i*y, -3*y = -2*c - 0*y + 537. What is the greatest common factor of c and 24?
24
Suppose 5*n - 452 = -2*p, 0*p = p - 2*n - 244. Calculate the highest common divisor of 3 and p.
1
Suppose 43 = 3*o + 46. Let z(l) = -17*